
-7
Calculate (-13 - -8) + 6 + 2 + -5.
-2
What is the value of -15 + 14 + 5 + -1 + -1?
2
-1 - -2 - (9 - 18 - -7)
3
(5 - -9) + -6 + -9
-1
What is the value of 1 - ((-3 - -4) + -1)?
1
Calculate 0 + -3 + 3 + -1 + -5.
-6
(-1 - 4) + 0 - (-24 + 26)
-7
Evaluate (-7 - 1) + -10 + (32 - 10).
4
What is -11 - -14 - (-1 + 3) - -2?
3
Calculate 2 + 1 + (-1 + 3 - 10).
-5
Calculate 0 + 7 + -9 + 9.
7
-10 - -3 - -15 - 7
1
What is 0 - ((47 - 51) + 13 + -1)?
-8
Calculate -6 - (-3 - (2 + -1 - 1)).
-3
What is -1 + (-6 - (-1 + -6) - -5)?
5
What is the value of (-12 - -49) + -22 - (-1 - -5)?
11
-8 - (-2 + 1 - 4)
-3
Evaluate 11 + -8 + (1 - 1) + -1.
2
What is (3 - 0) + 1 + -7?
-3
What is the value of 10 + -17 + (7 - 6)?
-6
2 + -3 + (6 + -3 - -2)
4
What is 2 + 0 - ((10 - 2) + -3)?
-3
What is the value of -2 + (-5 - (-1 + 3) - -3)?
-6
Calculate -3 - (-5 + 3 + -1).
0
What is the value of 3 + (6 - (0 - -15))?
-6
3 - (6 + -4) - 1 - 1
-1
Evaluate 1 - (6 + -3 + -7).
5
Calculate -3 + 1 + (7 - -2 - 9).
-2
(-1 - -6) + -5 + -1
-1
1 - 3 - (16 + 11 + -27)
-2
What is -2 + -4 - (-6 + 4)?
-4
What is the value of 6 + -7 + 2 + -3 - -5?
3
3 + -5 - (-2 + -3)
3
-1 - -1 - -2 - 3
-1
Evaluate (-8 - 2) + 16 - (14 - -2).
-10
What is the value of (4 - 10) + 1 + 4?
-1
Evaluate (7 - 7) + -4 + 3.
-1
What is the value of (2 - (0 + 5)) + 2?
-1
What is the value of 4 - -1 - (-4 + 9)?
0
What is 11 + (4 - 23) - -6?
-2
What is (5 - -1) + -13 - -2?
-5
Evaluate (13 - 5) + -1 + -9.
-2
What is -5 - 2 - (-41 - -36)?
-2
71 - 69 - (-1 - -4)
-1
-3 - ((-7 - 0) + (-20 - -28))
-4
Evaluate -17 + 28 - (10 - 2).
3
What is 0 - (4 + -5) - 1?
0
Calculate (18 - 13) + (3 - 7).
1
What is the value of (1 - (0 + 4 + -1)) + 2?
0
What is -5 - (3 - 0 - (0 + 2))?
-6
(-4 - -8) + -8 + (5 - 2)
-1
What is the value of (-126 - -125) + (7 - 1)?
5
What is (0 - -6) + (-5 - -4)?
5
What is -4 + (2 - -1 - 1) + -2?
-4
What is -1 - (1 + (-1 + -2 - -3))?
-2
What is the value of -3 + -2 + (6 - 1) + 0?
0
Calculate 2 + -9 + 7 + (4 - -1).
5
Evaluate 4 + (-6 - 7) + 4.
-5
(18 - 12 - (1 + 1)) + -3
1
0 + 9 + -2 - 1
6
-9 + 10 + (0 - -1)
2
What is the value of -1 - (-5 + (-3 - (-3 - 2)))?
2
Calculate (0 - -3) + -4 - -4 - 0.
3
What is the value of 1 - ((-2 - 3) + 1)?
5
What is -12 - 1 - (251 + -260)?
-4
What is the value of 4 - (-1 + 1 + 2) - 1?
1
Evaluate -1 + 2 + -3 + (2 - 0).
0
What is the value of 0 + -3 + 0 + -2?
-5
Evaluate -12 - -1 - (43 + -48).
-6
Calculate 1 + (-1 - 2) + 4.
2
Calculate 6 + (7 - 10) + 1.
4
Calculate -3 - (-16 + (2 - (-7 - -2))).
6
3 - (0 - (-3 + -4)) - -7
3
Evaluate 3 + (3 - 7) + (0 - -2).
1
Evaluate 3 + 19 + -4 + -8.
10
(2 + 1 - (-19 - -26)) + 2
-2
Evaluate -3 + (-4 - -2) + (-2 - -4).
-3
What is (-3 - (1 + -14)) + -14?
-4
Calculate -4 + (-7 - -3) + (4 - -2).
-2
Evaluate 9 + (-1 - -2) + -18.
-8
Evaluate 4 + (-4 + -13 - -6).
-7
7 - (0 + -3 - -7) - 8
-5
What is -11 + 9 + -2 + -4 + 3?
-5
What is -7 + 5 + -1 - 0?
-3
What is the value of -1 + -5 + -4 - -5?
-5
What is -2 + (-3 - (4 - 5 - 1))?
-3
What is 3 - (0 + 1 + -1 + -1)?
4
Evaluate (-3 - (-6 + (4 - 1))) + 3.
3
Calculate 8 - (-3 + 6) - (2 - -3).
0
Calculate -1 - -1 - (39 + -39).
0
What is 7 - (-9 + (13 - 7))?
10
Evaluate (-92 - -94) + (4 - (-1 - 0)).
7
(23 - 16) + 1 - (-1 - 0)
9
(11 - 2) + -5 - (-2 - 0)
6
Evaluate 3 + -12 + (-1 - -7).
-3
What is -1 + 3 + (6 - 8) + -1?
-1
Evaluate -1 + -6 + 4 + -1 - -4.
0
(-11 - 0 - -5 - -1) + 4
-1
Evaluate -6 + (0 - 2 - -4).
-4
Calculate 1 + -5 + 4 + -1.
-1
What is 3 + (5 + -4 - 10)?
-6
What is the value of 1 - (0 + (0 - (3 - 5)))?
-1
9 + -4 - (-1 - -6)
0
-9 + (3 - (-3 + 0)) - 3
-6
Evaluate (-1 - -1) + (2 - (4 + -1)).
-1
Calculate 0 - -1 - (-2 - (1 + -2)).
2
Calculate 2 + (1 - -1) + -1 + 0.
3
What is the value of -2 - (3 + 3 + -5 + -1)?
-2
What is the value of -3 - (-5 + -11 - -13)?
0
What is the value of -5 + 2 + -8 + 4?
-7
(-7 - (4 - (-3 - -21))) + -14
-7
0 + (-1 - (2 + 0) - -2)
-1
Calculate (3 - -1) + (1 - (0 + 3)).
2
Calculate 1 + (-2 - (0 - (2 - -2))).
3
Calculate 1 - (-3 - 1) - 2.
3
What is the value of (0 - (-12 - 0)) + -8 + 2?
6
Evaluate 2 - (5 + -2 + -5).
4
(-2 - (2 - 6)) + 3
5
-8 + 15 + -13 + 1 - -8
3
What is 2 + 6 + -3 - 7?
-2
Evaluate 2 + (6 - 14) + 9 + -10.
-7
What is the value of 29 - 20 - (0 + 3)?
6
What is -13 + 9 + 1 + (28 - 32)?
-7
-14 + (2 - 4) + 7 - -2
-7
What is 2 - -5 - (9 - 9)?
7
3 + -3 + 2 + -2
0
0 + (-2 - (2 + -1 + 0))
-3
Evaluate -5 - (2 - (6 + -1)).
-2
Calculate (-3 - 2) + (-1 - (-11 - 0)).
5
Calculate 1 - 3 - (-1 - (8 - 10)).
-3
Calculate -4 - (-4 - -5) - -5.
0
What is 3 + 0 + -5 - (2 - -1)?
-5
(2 - (-5 - -4)) + -15 + 6
-6
What is -3 + (5 + -4 - -1 - 1)?
-2
What is -4 - (1 - (-2 - (-5 + 3)))?
-5
What is the value of 5 - 3 - (3 - -3)?
-4
0 - (-6 + (5 - -1))
0
What is the value of -7 - (-5 + (3 - 2))?
-3
What is the value of -4 + (5 + 1 - 1)?
1
What is the value of (5 - 13) + 7 - -7?
6
Calculate -7 + 9 + (-2 - -8) + -2.
6
What is the value of 12 + -1 - (12 + 7)?
-8
Calculate -7 - (-12 - -9) - (-6 + 1).
1
(10 - 0 - 7) + -1
2
Calculate 2 + (-13 + 1 - (93 - 97)).
-6
-11 - (21 - 9 - 22)
-1
Calculate -3 + (-4 - -11) - 3.
1
Calculate -1 - (2 + (0 - (-5 - -10))).
2
What is the value of (4 - 1) + 8 + 0 + -7?
4
What is -14 + (-2 + -3 - 2) + 14?
-7
What is -6 + 1 + 29 + -28 - 1?
-5
-11 + 2 + (13 - 2)
2
What is 2 + -1 + (-1 - 1)?
-1
3 + -7 + (2 - 2) + 3
-1
What is (8 - 17) + 10 - -3?
4
Calculate -5 + (2 - (-7 + 2)).
2
Calculate (6 - 11) + 1 + 8.
4
What is the value of -3 + 13 + (-5 - 4)?
1
What is the value of -6 + (18 - (1 + (7 - 1)))?
5
Calculate 1 + 0 + 2 + -4 + 0.
-1
What is the value of 15 + (0 - 10) - -3?
8
Evaluate (26 - 27) + 0 + -1 + 5.
3
What is the value of 2 + (-2 - (4 - 6))?
2
5 + (-23 - 1 - -11)
-8
What is the value of 0 + (-3 - (-4 + 0))?
1
(1 - -1) + -8 + 9
3
Evaluate 0 + 0 + (-1 - 0 - -3).
2
What is (21 - 11) + -11 - (-1 - -1)?
-1
(-4 - (-4 + -7)) + (-3 - 3)
1
-1 + 1 + 2 + (6 - 5)
3
Calculate 0 + 3 + -5 + (-4 - -8).
2
1 + -11 + 2 + 5 + -1
-4
What is 0 + -8 + 5 + 4 - 2?
-1
(2 - 3) + (1 - -1) + -9
-8
What is the value of 8 + -5 + (0 - 4)?
-1
What is -6 + (-3 - -3) + 9?
3
Calculate -12 - ((5 + -4 - -5) + -8).
-10
What is 10 - (25 + -16 - (2 + 2))?
5
What is (1 - -5) + -11 + 6?
1
Evaluate 0 + (-8 - -3) - -2.
-3
-5 + (-2 - -6) + 7
6
Calculate -2 + 1 + -1 - (14 - 19).
3
What is 0 - 5 - (-87 + 80)?
2
Calculate 9 + -8 - 0 - 1.
0
Evaluate 0 - 2 - -7 - 9.
-4
Evaluate 3 + 0 + (-6 - 2).
-5
What is (3 + -13 - -5) + 4?
-1
Calculate 3 - (4 + (-2 - (-3 - -4))).
2
Evaluate (6 + -13 - -5) + (0 - -3).
1
What is -4 - (-10 + 4 + 4) - -6?
4
Evaluate -3 + 0 + 2 + (-1 - -1).
-1
What is 2 - -2 - (105 - 92)?
-9
-2 + (-1 - 0) + (-6 - -13)
4
What is 10 - (6 - 0 - 1) - 6?
-1
Calculate 9 + -2 + -1 + (-84 - -79).
1
What is -8 + 0 + 16 - 5?
3
Evaluate (2 + 5 - 14) + 2.
-5
0 + -2 - (-17 + 22) - -5
-2
-5 + (7 - 13) + 9
-2
Calculate (6 - (14 + -3)) + 4.
-1
What is -13 + -2 + 12 + -2?
-5
What is 10 + -1 + -8 + 3?
4
What is the value of (2 - -2) + (5 + -3 - 3)?
3
What is the value of 13 + (-27 - -20) + (-1 - 0)?
5
What is (-7 + -5 - -7) + 5?
0
What is (-1 - 5) + (14 - (-9 - -18))?
-1
What is 1 - ((-3 - -1) + 3)?
0
-1 - (1 + -3 - 2) - 5
-2
What is -8 + 2 + (-2 - -5)?
-3
What is the value of 17 + -12 + (1 - 4)?
2
Evaluate 1 - (2 + 0 - (6 + 0)).
5
What is 15 + (-16 - (1 - 7))?
5
What is the value of (-1 - -2) + (3 + -1 - 4)?
-1
What is the value of 7 + (4 - (-3 + 14))?
0
Evaluate 4 + -5 - (2 + -2 + -2).
1
What is -1 - -5 - ((-2 - 1) + 4)?
3
Calculate -9 - -11 - (3 + -2 + 2).
-1
What is 10 + 4 + (-1 - 9)?
4
Evaluate 0 + (-2 - (0 - -3)).
-5
What is -4 + 2 - (-5 + 2)?
1
Evaluate (4 - (-1 - -11)) + 3.
-3
Calculate 4 - (13 + -3 + -4).
-2
What is -11 + (3 - (6 + -12))?
-2
(5 - 2) + -2 + 1 - 2
0
Evaluate 2 + 5 + (4 - 5).
6
Evaluate 8 + (-8 - (8 + -8)).
0
What is the value of -4 - ((-7 - -11) + -7)?
-1
What is the value of 9 - (0 + 0 + -24 + 29)?
4
Calculate (-6 - (2 + -11)) + -3.
0
What is the value of (-16 - -20) + (0 - 5)?
-1
What is 6 + -11 + -2 - 2?
-9
(-6 - -13) + -7 + -1
-1
What is 6 + -7 + (2 - 2)?
-1
What is the value of (2 - -2) + -10 - 2?
-8
What is 15 + -13 + (-5 - -3)?
0
3 - (-1 + (14 - (-3 - -10)))
-3
What is (6 - 2) + 2 + -7 - -3?
2
(-3 - 0) + 39 + -32
4
0 + 2 + -11 - -4
-5
-21 + 11 + (-1 - -10)
-1
(2 + 1 - 0 - 6) + -1
-4
((-3 - -5) + -1 - 1) + 